{"id":23,"date":"2026-03-24T13:56:59","date_gmt":"2026-03-24T13:56:59","guid":{"rendered":"https:\/\/dev.robertpereira.com.br\/projetos\/?page_id=23"},"modified":"2026-03-31T18:16:47","modified_gmt":"2026-03-31T18:16:47","slug":"proposta","status":"publish","type":"page","link":"https:\/\/ruizgastaldo.com.br\/ruiz\/proposta\/","title":{"rendered":"Proposta"},"content":{"rendered":"\t\t<div data-elementor-type=\"wp-page\" data-elementor-id=\"23\" class=\"elementor elementor-23\" data-elementor-post-type=\"page\">\n\t\t\t\t<div class=\"elementor-element elementor-element-33d4720 e-flex e-con-boxed e-con e-parent\" data-id=\"33d4720\" data-element_type=\"container\" data-e-type=\"container\">\n\t\t\t\t\t<div class=\"e-con-inner\">\n\t\t\t\t<div class=\"elementor-element elementor-element-09372d1 imagem-proposta elementor-widget elementor-widget-image\" data-id=\"09372d1\" data-element_type=\"widget\" data-e-type=\"widget\" data-widget_type=\"image.default\">\n\t\t\t\t\t\t\t\t\t\t\t\t\t\t\t<img loading=\"lazy\" decoding=\"async\" width=\"519\" height=\"857\" src=\"https:\/\/ruizgastaldo.com.br\/ruiz\/wp-content\/uploads\/2026\/03\/imagem-4a-dobra-proposta.webp\" class=\"attachment-large size-large wp-image-201\" alt=\"\" srcset=\"https:\/\/ruizgastaldo.com.br\/ruiz\/wp-content\/uploads\/2026\/03\/imagem-4a-dobra-proposta.webp 519w, https:\/\/ruizgastaldo.com.br\/ruiz\/wp-content\/uploads\/2026\/03\/imagem-4a-dobra-proposta-182x300.webp 182w\" sizes=\"auto, (max-width: 519px) 100vw, 519px\" \/>\t\t\t\t\t\t\t\t\t\t\t\t\t\t\t<\/div>\n\t\t<div class=\"elementor-element elementor-element-0533b7d e-con-full conteudo-proposta e-flex e-con e-child\" data-id=\"0533b7d\" data-element_type=\"container\" data-e-type=\"container\">\n\t\t\t\t<div class=\"elementor-element elementor-element-7bd06af proposta-titulo elementor-widget elementor-widget-heading\" data-id=\"7bd06af\" data-element_type=\"widget\" data-e-type=\"widget\" data-widget_type=\"heading.default\">\n\t\t\t\t\t<h2 class=\"elementor-heading-title elementor-size-default\">PROPOSTA<\/h2>\t\t\t\t<\/div>\n\t\t\t\t<div class=\"elementor-element elementor-element-2ae0266 elementor-widget elementor-widget-heading\" data-id=\"2ae0266\" data-element_type=\"widget\" data-e-type=\"widget\" data-widget_type=\"heading.default\">\n\t\t\t\t\t<div class=\"elementor-heading-title elementor-size-default\"><H3>Parceria com Produtores<\/H3>\n\n<p>Acreditamos que o ponto de partida obrigat\u00f3rio para um bom vinho \u00e9 uma uva de \u00f3tima qualidade. Para isto <span class=\"destaque\">contamos com a parceria com produtores de excel\u00eancia,<\/span> de diferentes regi\u00f5es do RS.<\/p><\/div>\t\t\t\t<\/div>\n\t\t\t\t<div class=\"elementor-element elementor-element-39d2790 elementor-widget elementor-widget-heading\" data-id=\"39d2790\" data-element_type=\"widget\" data-e-type=\"widget\" data-widget_type=\"heading.default\">\n\t\t\t\t\t<div class=\"elementor-heading-title elementor-size-default\"><h3>Acompanhamento da Safra<\/h3>\n<p>Acompanhamos o desenvolvimento da safra e buscamos com muito cuidado definir o ponto ideal de colheita. Procuramos <span class=\"destaque\">uvas n\u00e3o t\u00e3o maduras, que possuam boa acidez e presen\u00e7a de taninos.<\/span><\/p>\n<\/div>\t\t\t\t<\/div>\n\t\t\t\t<div class=\"elementor-element elementor-element-51c19c8 elementor-widget elementor-widget-heading\" data-id=\"51c19c8\" data-element_type=\"widget\" data-e-type=\"widget\" data-widget_type=\"heading.default\">\n\t\t\t\t\t<div class=\"elementor-heading-title elementor-size-default\"><h3>Nossa Proposta<\/h3>\n<p>Nossa proposta n\u00e3o \u00e9 produzir vinhos muito alco\u00f3licos, mas sim vinhos <span class=\"destaque\">com bom equil\u00edbrio: acidez x taninos x \u00e1lcool, entregando assim vinhos com express\u00e3o, gastron\u00f4micos e com potencial de guarda.<\/span> Nos identificamos e temos como refer\u00eancia o Velho Mundo.<\/p>\n<\/div>\t\t\t\t<\/div>\n\t\t\t\t<div class=\"elementor-element elementor-element-d882af7 elementor-widget elementor-widget-heading\" data-id=\"d882af7\" data-element_type=\"widget\" data-e-type=\"widget\" data-widget_type=\"heading.default\">\n\t\t\t\t\t<div class=\"elementor-heading-title elementor-size-default\"><h3>Da Colheita \u00e0 Garrafa<\/h3>\n<p>As uvas s\u00e3o colhidas nas primeiras horas do dia e trazidas para Porto Alegre em caminh\u00f5es refrigerados. Embora sejamos um pequeno produtor <span class=\"destaque\">contamos com controle de temperatura durante a fermenta\u00e7\u00e3o alco\u00f3lica e ferramental apropriado,<\/span> para bem conduzir as vinifica\u00e7\u00f5es, entregando vinhos com nitidez arom\u00e1tica e tipicidade.<\/p><\/div>\t\t\t\t<\/div>\n\t\t\t\t<div class=\"elementor-element elementor-element-da03209 elementor-widget elementor-widget-heading\" data-id=\"da03209\" data-element_type=\"widget\" data-e-type=\"widget\" data-widget_type=\"heading.default\">\n\t\t\t\t\t<div class=\"elementor-heading-title elementor-size-default\"><h3>Vinifica\u00e7\u00e3o Livre<\/h3>\n<div class=\"paragrafo\">\n<p>Na busca da excel\u00eancia vin\u00edcola, cada vinho \u00e9 \u00fanico! Abra\u00e7amos a singularidade de cada safra e a conduzimos com sensibilidade. Compreendemos que a padroniza\u00e7\u00e3o da produ\u00e7\u00e3o limita o potencial. Iniciamos, assim, a fermenta\u00e7\u00e3o alco\u00f3lica com leveduras selvagens e doses m\u00ednimas de sulfito, deixando a natureza se expressar.<\/p>\n\n<p><span class=\"destaque\">\u00c0 medida que o mosto se transforma e o vinho vai se revelando, acrescentamos leveduras selecionadas quando necess\u00e1rio, para preservar a sanidade e a nitidez de aromas.<\/span> Somos livres para conduzir o vinho \"\u00e0 nossa maneira\" e n\u00e3o segundo conceitos, regras e bandeiras.<\/p>\n<\/div>\n<\/div>\t\t\t\t<\/div>\n\t\t\t\t<\/div>\n\t\t\t\t\t<\/div>\n\t\t\t\t<\/div>\n\t\t\t\t<\/div>\n\t\t","protected":false},"excerpt":{"rendered":"<p>PROPOSTA Parceria com Produtores Acreditamos que o ponto de partida obrigat\u00f3rio para um bom vinho \u00e9 uma uva de \u00f3tima qualidade. Para isto contamos com a parceria com produtores de excel\u00eancia, de diferentes regi\u00f5es do RS. Acompanhamento da Safra Acompanhamos o desenvolvimento da safra e buscamos com muito cuidado definir o ponto ideal de colheita. [&hellip;]<\/p>\n","protected":false},"author":1,"featured_media":0,"parent":0,"menu_order":0,"comment_status":"closed","ping_status":"closed","template":"elementor_header_footer","meta":{"footnotes":""},"class_list":["post-23","page","type-page","status-publish","hentry"],"_links":{"self":[{"href":"https:\/\/ruizgastaldo.com.br\/ruiz\/wp-json\/wp\/v2\/pages\/23","targetHints":{"allow":["GET"]}}],"collection":[{"href":"https:\/\/ruizgastaldo.com.br\/ruiz\/wp-json\/wp\/v2\/pages"}],"about":[{"href":"https:\/\/ruizgastaldo.com.br\/ruiz\/wp-json\/wp\/v2\/types\/page"}],"author":[{"embeddable":true,"href":"https:\/\/ruizgastaldo.com.br\/ruiz\/wp-json\/wp\/v2\/users\/1"}],"replies":[{"embeddable":true,"href":"https:\/\/ruizgastaldo.com.br\/ruiz\/wp-json\/wp\/v2\/comments?post=23"}],"version-history":[{"count":4,"href":"https:\/\/ruizgastaldo.com.br\/ruiz\/wp-json\/wp\/v2\/pages\/23\/revisions"}],"predecessor-version":[{"id":819,"href":"https:\/\/ruizgastaldo.com.br\/ruiz\/wp-json\/wp\/v2\/pages\/23\/revisions\/819"}],"wp:attachment":[{"href":"https:\/\/ruizgastaldo.com.br\/ruiz\/wp-json\/wp\/v2\/media?parent=23"}],"curies":[{"name":"wp","href":"https:\/\/api.w.org\/{rel}","templated":true}]}}